me?
True
Is 129036604141 a composite number?
False
Is 453525539 composite?
True
Is 445547103077 prime?
True
Is 174716202017 a composite number?
True
Is 467141137 prime?
True
Is 8847859193 a composite number?
False
Is 1131982963 a prime number?
False
Is 28959470723 a composite number?
False
Is 10592891427 a prime number?
False
Is 2679519269 a composite number?
True
Is 15567311531 prime?
True
Is 78979997 a prime number?
True
Is 1000936633 a prime number?
True
Is 5738875403 composite?
True
Is 13532731339 a prime number?
False
Is 410279047 a composite number?
True
Is 133273892117 a prime number?
True
Is 1278797603 a prime number?
False
Is 13328606149 a composite number?
True
Is 355522093 a prime number?
False
Is 4963211969 a composite number?
False
Is 7682645057 a composite number?
True
Is 15193948721 prime?
False
Is 36947468437 a composite number?
True
Is 6516422833 a composite number?
False
Is 317898727 a prime number?
False
Is 21923411 composite?
False
Is 2210709659 a composite number?
True
Is 21978025603 a prime number?
True
Is 2005549583 a prime number?
False
Is 877390439 a composite number?
True
Is 2840447041 composite?
True
Is 4378506421 a prime number?
True
Is 76802846833 prime?
True
Is 18213886463 a composite number?
False
Is 397849367 a composite number?
False
Is 148630619 a composite number?
True
Is 9720579931 a prime number?
False
Is 35875793857 a prime number?
True
Is 790335803 a prime number?
False
Is 5987851 a prime number?
False
Is 168806497 prime?
False
Is 10703651699 a composite number?
True
Is 103933431121 a composite number?
True
Is 484209449 a composite number?
False
Is 42362211253 prime?
True
Is 2873887673 prime?
False
Is 385372908281 a composite number?
False
Is 44845148237 a composite number?
False
Is 50166299177 composite?
False
Is 73589717903 prime?
False
Is 6004046491 a prime number?
True
Is 742023311 a prime number?
True
Is 605507293 prime?
True
Is 10747195387 composite?
False
Is 59510587 composite?
False
Is 819057401 a prime number?
True
Is 29767967851 a composite number?
False
Is 14935588441 a prime number?
True
Is 15928607159 prime?
False
Is 162124211 a composite number?
False
Is 601579543 a composite number?
False
Is 2480873839 composite?
False
Is 35930419859 a composite number?
False
Is 2070345097 a composite number?
False
Is 4385634419 a composite number?
True
Is 17912027321 a prime number?
False
Is 2389157219 a composite number?
True
Is 8932441737 prime?
False
Is 7301393423 prime?
False
Is 8415791107 a composite number?
False
Is 5524232687 prime?
True
Is 2685173963 prime?
False
Is 203513737 prime?
False
Is 4989419921 composite?
False
Is 8454702211 composite?
False
Is 1441627919 composite?
False
Is 13486629311 a composite number?
False
Is 9592383257 a composite number?
False
Is 378033673 prime?
True
Is 20437505047 a prime number?
False
Is 3792648602 a composite number?
True
Is 78507520361 composite?
True
Is 1084436359 a composite number?
False
Is 2628552743 a prime number?
True
Is 378432071 prime?
False
Is 1272413959 composite?
True
Is 93346009 composite?
False
Is 947361773 prime?
True
Is 603412207 prime?
True
Is 1749479471 a prime number?
False
Is 685174337 prime?
False
Is 27731841997 a composite number?
False
Is 8679659357 a prime number?
False
Is 3243751607 prime?
True
Is 1162115533 a composite number?
False
Is 1496852791 prime?
False
Is 3767922157 composite?
False
Is 1038525653 composite?
True
Is 24545897659 prime?
True
Is 1324134103 a prime number?
True
Is 81795283 prime?
False
Is 1935137219 composite?
True
Is 96218149073 a composite number?
True
Is 7640470751 prime?
True
Is 1830566999 composite?
False
Is 484317389 composite?
False
Is 183980093 composite?
True
Is 8896992681 a prime number?
False
Is 126349154257 a prime number?
False
Is 1763481697 a prime number?
True
Is 378501977 a composite number?
True
Is 856897 prime?
True
Is 3420072169 a composite number?
False
Is 90774093 prime?
False
Is 19783240177 a prime number?
True
Is 141571727 a prime number?
False
Is 7839209591 composite?
False
Is 120038764247 a prime number?
True
Is 814753697 a composite number?
False
Is 9368414639 a composite number?
True
Is 237913163 a composite number?
False
Is 612481249 prime?
False
Is 586906703 prime?
True
Is 9719500237 composite?
False
Is 7061129713 composite?
True
Is 3472674481 a prime number?
False
Is 875432699 composite?
False
Is 27487843 a composite number?
False
Is 34527037801 prime?
True
Is 20675182669 a composite number?
False
Is 82073038777 a composite number?
True
Is 12506042279 composite?
False
Is 23375632309 a prime number?
True
Is 5265094271 composite?
False
Is 499273231 prime?
False
Is 185505679 prime?
False
Is 8927177047 prime?
True
Is 103894326409 prime?
True
Is 50377671587 a composite number?
False
Is 2391424333 composite?
True
Is 40827863 a prime number?
False
Is 13073882971 a composite number?
True
Is 2257983361 composite?
True
Is 2624731786 a composite number?
True
Is 390891313 composite?
True
Is 6448108773 composite?
True
Is 20942993755 a composite number?
True
Is 645465659 a composite number?
False
Is 1577160931 a composite number?
True
Is 4232914151 a composite number?
False
Is 121692041 composite?
True
Is 16325257687 a composite number?
False
Is 170790941 composite?
True
Is 211891297117 prime?
True
Is 5517299347 a prime number?
False
Is 1293554281 a composite number?
True
Is 6846311645 prime?
False
Is 43298396363 a prime number?
True
Is 7228042663 composite?
False
Is 63417311 composite?
True
Is 5450567 a prime number?
False
Is 2755679699 a prime number?
True
Is 881810147 composite?
True
Is 2799324217 a prime number?
False
Is 2365635931 prime?
False
Is 350548417 composite?
False
Is 5032958267 composite?
False
Is 9143085379 composite?
False
Is 12149743999 a composite number?
False
Is 1314100643 prime?
True
Is 6031984871 composite?
True
Is 17973578021 prime?
False
Is 588005753 composite?
False
Is 9494584863 composite?
True
Is 135154673 a prime number?
False
Is 1111869181 a composite number?
True
Is 580435543 a composite number?
True
Is 182549357 composite?
True
Is 1350022967 composite?
True
Is 6593815387 a prime number?
True
Is 622849511 prime?
False
Is 6378831223 a prime number?
True
Is 79590976043 a composite number?
True
Is 1812431611 prime?
False
Is 3885869891 a composite number?
False
Is 206804282 a composite number?
True
Is 672744559 prime?
False
Is 76281013 a prime number?
False
Is 272102927 a prime number?
False
Is 850600903 prime?
True
Is 29583168037 composite?
True
Is 24599731283 prime?
False
Is 251023987 a composite number?
False
Is 822777799 a prime number?
True
Is 24505482073 composite?
False
Is 2325383707 a prime number?
True
Is 854785667 composite?
True
Is 2010918463 prime?
True
Is 1281983677 composite?
True
Is 45045146929 a composite number?
False
Is 82927213 a composite number?
True
Is 5777585117 a composite number?
True
Is 1086967069 composite?
True
Is 6454417793 a composite number?
True
Is 357911368921 a composite number?
False
Is 6304168643 prime?
True
Is 85534626073 a prime number?
False
Is 275546221 a prime number?
False
Is 88677008333 a composite number?
False
Is 58409082899 a prime number?
True
Is 13185468679 a composite number?
False
Is 7684778173 a prime number?
True
Is 5735629847 a composite number?
True
Is 161993106059 a prime number?
True
Is 822990327 a prime number?
False
Is 230112899 a prime number?
True
Is 2242232269 a prime number?
False
Is 574866467 composite?
True
Is 12015339899 composite?
False
Is 384956947 a prime number?
True
Is 8430378461 a composite number?
True
Is 44366903261 composite?
False
Is 32785750667 composite?
False
Is 193756051771 prime?
True
Is 11991929689 composite?
False
Is 11825336966 composite?
True
Is 8994382 a prime number?
False
Is 2026058129 a composite number?
True
Is 208492621 composite?
True
Is 40187086829 prime?
True
Is 9702266287 a composite number?
True
Is 3072449317 prime?
False
Is 17519412437 prime?
True
Is 88276363673 a prime number?
False
Is 1574464607 prime?
False
Is 56136237691 a prime number?
True
Is 2034058069 a prime number?
True
Is 35604551 composite?
False
Is 4371392723 a composite number?
False
Is 15564721009 a prime number?
True
Is 164583657713 a composite number?
True
Is 125934187 composite?
False
Is 4595122163 a prime nu